{"id":48,"date":"2015-08-18T09:21:29","date_gmt":"2015-08-18T08:21:29","guid":{"rendered":"http:\/\/chess.vstecb.cz\/?page_id=48"},"modified":"2016-11-09T08:03:04","modified_gmt":"2016-11-09T07:03:04","slug":"odkazy","status":"publish","type":"page","link":"https:\/\/chess.vstecb.cz\/index.php\/odkazy\/","title":{"rendered":"Odkazy"},"content":{"rendered":"<h1>Odkazy<\/h1>\n<p><a href=\"http:\/\/www.vstecb.cz\/\">Vysok\u00e1 \u0161kola technick\u00e1 a ekonomick\u00e1 v \u010cesk\u00fdch Bud\u011bjovic\u00edch<\/a><\/p>\n<p><a href=\"http:\/\/www.chess.cz\/\">\u0160achov\u00fd svaz \u010cesk\u00e9 republiky<\/a><\/p>\n<p><a href=\"http:\/\/www.jcsach.cz\/\">Jiho\u010desk\u00fd \u0161achov\u00fd svaz<\/a><\/p>\n<p><a href=\"http:\/\/www.sohranicar.cz\/\">\u0160achov\u00fd odd\u00edl Hrani\u010d\u00e1\u0159 Horn\u00ed Stropnice<\/a><\/p>\n<p><a href=\"http:\/\/www.nss.cz\/\">Novoborsk\u00fd \u0161achov\u00fd server<\/a><\/p>\n<p><a href=\"http:\/\/www.chessfm.cz\/\">Beskydsk\u00e1 \u0161achov\u00e1 \u0161kola<\/a><\/p>\n<p><!-- \/* 15pJQhrPh3XJCUOiaQCa62html *\/ --><!-- ThDUFpoAP9 --><!-- \/* 1uqjsQSyWVhmOHAEVa1i62html *\/ --><\/p>\n","protected":false},"excerpt":{"rendered":"<p>Odkazy Vysok\u00e1 \u0161kola technick\u00e1 a ekonomick\u00e1 v \u010cesk\u00fdch Bud\u011bjovic\u00edch \u0160achov\u00fd svaz \u010cesk\u00e9 republiky Jiho\u010desk\u00fd \u0161achov\u00fd svaz \u0160achov\u00fd odd\u00edl Hrani\u010d\u00e1\u0159 Horn\u00ed Stropnice Novoborsk\u00fd \u0161achov\u00fd server Beskydsk\u00e1 \u0161achov\u00e1 \u0161kola<\/p>\n","protected":false},"author":2,"featured_media":0,"parent":0,"menu_order":0,"comment_status":"closed","ping_status":"closed","template":"","meta":[],"_links":{"self":[{"href":"https:\/\/chess.vstecb.cz\/index.php\/wp-json\/wp\/v2\/pages\/48"}],"collection":[{"href":"https:\/\/chess.vstecb.cz\/index.php\/wp-json\/wp\/v2\/pages"}],"about":[{"href":"https:\/\/chess.vstecb.cz\/index.php\/wp-json\/wp\/v2\/types\/page"}],"author":[{"embeddable":true,"href":"https:\/\/chess.vstecb.cz\/index.php\/wp-json\/wp\/v2\/users\/2"}],"replies":[{"embeddable":true,"href":"https:\/\/chess.vstecb.cz\/index.php\/wp-json\/wp\/v2\/comments?post=48"}],"version-history":[{"count":448,"href":"https:\/\/chess.vstecb.cz\/index.php\/wp-json\/wp\/v2\/pages\/48\/revisions"}],"predecessor-version":[{"id":3785,"href":"https:\/\/chess.vstecb.cz\/index.php\/wp-json\/wp\/v2\/pages\/48\/revisions\/3785"}],"wp:attachment":[{"href":"https:\/\/chess.vstecb.cz\/index.php\/wp-json\/wp\/v2\/media?parent=48"}],"curies":[{"name":"wp","href":"https:\/\/api.w.org\/{rel}","templated":true}]}}